remainder when 3860713 is divided by 965165?
53
Calculate the remainder when 22166478 is divided by 161.
159
What is the remainder when 212927 is divided by 126?
113
What is the remainder when 13124315 is divided by 6562138?
39
What is the remainder when 566386 is divided by 29?
16
Calculate the remainder when 2149078 is divided by 3395.
43
Calculate the remainder when 1699663 is divided by 1990.
203
What is the remainder when 1428915 is divided by 39?
33
What is the remainder when 9189470 is divided by 6742?
124
Calculate the remainder when 5894153 is divided by 92096.
9
Calculate the remainder when 9738112 is divided by 756.
76
Calculate the remainder when 77345 is divided by 2855.
260
Calculate the remainder when 29498097 is divided by 66.
57
Calculate the remainder when 638288 is divided by 126539.
5593
What is the remainder when 2163068 is divided by 64?
60
Calculate the remainder when 20841159 is divided by 451.
449
What is the remainder when 11337940 is divided by 3674?
3650
What is the remainder when 8545935 is divided by 167567?
18
Calculate the remainder when 480547 is divided by 177.
169
Calculate the remainder when 5509792 is divided by 618.
322
Calculate the remainder when 3774277 is divided by 179727.
10
Calculate the remainder when 505104 is divided by 42090.
24
What is the remainder when 102711568 is divided by 139934?
12
Calculate the remainder when 8032647 is divided by 419.
417
Calculate the remainder when 276931 is divided by 55021.
1826
Calculate the remainder when 2068333 is divided by 46.
35
Calculate the remainder when 27043 is divided by 4447.
361
Calculate the remainder when 254508763 is divided by 17.
12
What is the remainder when 202310 is divided by 20885?
14345
Calculate the remainder when 1155871 is divided by 28189.
122
What is the remainder when 190530 is divided by 211?
208
What is the remainder when 5088974 is divided by 179?
4
Calculate the remainder when 24379 is divided by 11656.
1067
What is the remainder when 1348818 is divided by 1718?
188
What is the remainder when 97123 is divided by 6922?
215
What is the remainder when 29546081 is divided by 183?
182
Calculate the remainder when 3937929 is divided by 391.
168
Calculate the remainder when 1875009 is divided by 356.
313
Calculate the remainder when 143737702 is divided by 3742.
3740
What is the remainder when 797520 is divided by 4455?
75
Calculate the remainder when 138354843 is divided by 843.
840
Calculate the remainder when 10826656 is divided by 205.
196
Calculate the remainder when 9548 is divided by 8830.
718
What is the remainder when 4304096 is divided by 48359?
145
Calculate the remainder when 6064500 is divided by 100.
0
Calculate the remainder when 12913 is divided by 677.
50
What is the remainder when 18638756 is divided by 227?
13
Calculate the remainder when 4284914 is divided by 713991.
968
Calculate the remainder when 5066485 is divided by 1671.
13
What is the remainder when 2070080 is divided by 1034982?
116
What is the remainder when 3391216 is divided by 12?
4
Calculate the remainder when 1542788 is divided by 68.
4
Calculate the remainder when 109879404 is divided by 182.
180
What is the remainder when 45047024 is divided by 1599?
1595
Calculate the remainder when 772944 is divided by 154.
18
What is the remainder when 2676070 is divided by 694?
6
What is the remainder when 10106126 is divided by 87121?
90
What is the remainder when 1918333 is divided by 465?
208
Calculate the remainder when 4214605 is divided by 147.
115
What is the remainder when 147203 is divided by 1751?
119
What is the remainder when 117888 is divided by 209?
12
What is the remainder when 54765 is divided by 10951?
10
What is the remainder when 9829957 is divided by 990?
247
What is the remainder when 28324322 is divided by 15?
2
What is the remainder when 45191 is divided by 1108?
871
What is the remainder when 17919089 is divided by 158?
151
Calculate the remainder when 19219 is divided by 2386.
131
What is the remainder when 33317 is divided by 10801?
914
What is the remainder when 1097668 is divided by 36585?
118
What is the remainder when 6439156 is divided by 878?
782
What is the remainder when 390668 is divided by 3005?
18
Calculate the remainder when 19932361 is divided by 643.
4
What is the remainder when 58104 is divided by 14475?
204
What is the remainder when 4549845 is divided by 808?
805
What is the remainder when 151308 is divided by 75236?
836
What is the remainder when 6092253 is divided by 870318?
27
What is the remainder when 1142726 is divided by 7324?
182
What is the remainder when 181513 is divided by 90725?
63
What is the remainder when 184930 is divided by 61605?
115
Calculate the remainder when 2985011 is divided by 329.
323
Calculate the remainder when 140977 is divided by 377.
356
Calculate the remainder when 824809 is divided by 459.
445
What is the remainder when 80269 is divided by 175?
119
Calculate the remainder when 374085 is divided by 69.
36
What is the remainder when 968076 is divided by 45?
36
What is the remainder when 131342 is divided by 1662?
44
What is the remainder when 1665621 is divided by 930?
921
What is the remainder when 30548656 is divided by 2422?
2392
Calculate the remainder when 12918687 is divided by 6459335.
17
Calculate the remainder when 480999 is divided by 480091.
908
What is the remainder when 11853809 is divided by 93337?
10
Calculate the remainder when 259096486 is divided by 35.
26
Calculate the remainder when 76037 is divided by 1723.
225
Calculate the remainder when 12262102 is divided by 2137.
2133
What is the remainder when 7552 is divided by 727?
282
What is the remainder when 572980 is divided by 572974?
6
Calculate the remainder when 216009522 is divided by 72003167.
21
What is the remainder when 12231443 is divided by 41?
36
What is the remainder when 2045172 is divided by 715?
272
What is the remainder when 4050849 is divided by 50?
49
What is the remainder when 578459 is divided by 1013?
36
What is the remainder when 3128689 is divided by 35?
4
Calculate the remainder when 351941 is divided by 262.
75
What is the remainder when 9736693 is divided by 180309?
7
Calculate the remainder when 24809436 is divided by 10147.
21
What is the remainder when 1016258313 is divided by 37?
33
What is the remainder when 4449961 is divided by 5487?
4
Calculate the remainder when 3661569 is divided by 610244.
105
Calculate the remainder when 245379 is divided by 40877.
117
Calculate the remainder when 264286 is divided by 1493.
25
Calculate the remainder when 59712853 is divided by 443.
440
Calculate the remainder when 569812 is divided by 668.
8
What is the remainder when 1525247 is divided by 37?
33
Calculate the remainder when 128860 is divided by 609.
361
What is the remainder when 39915 is divided by 16883?
6149
Calculate the remainder when 37852 is divided by 3793.
3715
What is the remainder when 568544 is divided by 1053?
977
Calculate the remainder when 27624 is divided by 663.
441
Calculate the remainder when 3333714 is divided by 35.
34
What is the remainder when 36090305 is divided by 147911?
21
What is the remainder when 25613851 is divided by 71547?
25
What is the remainder when 70802433 is divided by 46?
15
What is the remainder when 565193 is divided by 209?
57
Calculate the remainder when 37569809 is divided by 12523256.
41
What is the remainder when 5756171 is divided by 880?
91
Calculate the remainder when 16170 is divided by 2046.
1848
What is the remainder when 94667605 is divided by 23?
19
Calculate the remainder when 7469553 is divided by 3734766.
21
What is the remainder when 30036 is divided by 4267?
167
What is the remainder when 644988322 is divided by 6353?
6350
What is the remainder when 1505649 is divided by 13430?
1489
What is the remainder when 1433491 is divided by 2099?
1973
Calculate the remainder when 1067533 is divided by 6631.
6573
What is the remainder when 19812 is divided by 1794?
78
What is the remainder when 71876 is divided by 129?
23
Calculate the remainder when 142850 is divided by 71413.
24
Calculate the remainder when 229095 is divided by 129.
120
What is the remainder when 762312 is divided by 6277?
2795
What is the remainder when 15184 is divided by 137